{"id":24,"date":"2024-04-29T10:51:36","date_gmt":"2024-04-29T10:51:36","guid":{"rendered":"https:\/\/nuevo.isoaldia-consigno.com\/?page_id=24"},"modified":"2024-05-02T22:28:15","modified_gmt":"2024-05-02T22:28:15","slug":"politica-de-privacidad","status":"publish","type":"page","link":"https:\/\/nuevo.isoaldia-consigno.com\/index.php\/politica-de-privacidad\/","title":{"rendered":"Pol\u00edtica de Privacidad"},"content":{"rendered":"<p>[et_pb_section fb_built=\u00bb1&#8243; theme_builder_area=\u00bbpost_content\u00bb _builder_version=\u00bb4.25.0&#8243; _module_preset=\u00bbdefault\u00bb][et_pb_row _builder_version=\u00bb4.25.0&#8243; _module_preset=\u00bbdefault\u00bb theme_builder_area=\u00bbpost_content\u00bb][et_pb_column _builder_version=\u00bb4.25.0&#8243; _module_preset=\u00bbdefault\u00bb type=\u00bb4_4&#8243; theme_builder_area=\u00bbpost_content\u00bb][et_pb_text _builder_version=\u00bb4.25.0&#8243; _module_preset=\u00bbdefault\u00bb theme_builder_area=\u00bbpost_content\u00bb hover_enabled=\u00bb0&#8243; sticky_enabled=\u00bb0&#8243;]<\/p>\n<h2><strong>Pol\u00edtica de privacidad<\/strong><\/h2>\n<p>El presente documento tiene por objeto dar a conocer el modo en que se capturan, gestionan y almacenan los datos de car\u00e1cter personal recabados a trav\u00e9s de<span>\u00a0<\/span><a href=\"http:\/\/consignocpl.es\/\">http:\/\/consignocpl.es\/<\/a><span>\u00a0<\/span>(en adelante la Web), a fin de que los Usuarios determinen libre y voluntariamente si desean facilitar sus datos personales.<\/p>\n<p>Es preciso advertir que esta Pol\u00edtica de Privacidad podr\u00eda variar en funci\u00f3n de exigencias legislativas o de autorregulaci\u00f3n, por lo que se aconseja a los usuarios que la visiten peri\u00f3dicamente. Ser\u00e1 aplicable en caso de que los usuarios decidan rellenar el formulario de contacto donde se recaban datos de car\u00e1cter personal.<\/p>\n<p>COMPLIANCE-CONSIGNO, S.L. ha adecuado esta web a las exigencias del Reglamento (UE) 2016\/679 del Parlamento Europeo y del Consejo de 27 de abril de 2016 relativo a la protecci\u00f3n de las personas f\u00edsicas (RGPD), as\u00ed como con la Ley Org\u00e1nica 3\/2018, de 5 de diciembre, de Protecci\u00f3n de Datos Personales y garant\u00eda de los derechos digitales y la Ley 34\/2002, de 11 de julio, de Servicios de la Sociedad de la Informaci\u00f3n y Comercio Electr\u00f3nico (LSSICE o LSSI).<\/p>\n<p><strong>IDENTIDAD DEL RESPONSABLE DEL TRATAMIENTO<\/strong><\/p>\n<p><strong>Nombre:\u00a0<\/strong>COMPLIANCE-CONSIGNO, S.L.<\/p>\n<p><strong>CIF:<span>\u00a0<\/span><\/strong>B40573636<\/p>\n<p><strong>Domicilio Social:\u00a0<\/strong>Carrer del Transits, 2. 46002, Valencia<\/p>\n<p><strong>Tel\u00e9fono<\/strong>: 609 87 23 82<\/p>\n<p><strong>Correo Electr\u00f3nico:<\/strong><strong>\u00a0<\/strong>consigno@consignocpl.es<\/p>\n<p><strong>Actividad:<\/strong><\/p>\n<ul>\n<li>El asesoramiento y gesti\u00f3n de proyectos de mejora de la gesti\u00f3n y estudios de mercado.<\/li>\n<li>Los servicios de asesoramiento de consultor\u00eda en sistemas de gesti\u00f3n de buen gobierno, control interno y cumplimiento normativo.<\/li>\n<li>La tramitaci\u00f3n y gesti\u00f3n de ayudas y subvenciones de toda clase, ante cualquier organismo oficial.<\/li>\n<li>El desarrollo de proyectos y aplicaciones inform\u00e1ticas.<\/li>\n<\/ul>\n<p><strong>FINALIDAD DEL TRATAMIENTO<\/strong><\/p>\n<p>Cuando un usuario se conecta con esta web para establecer un contacto, est\u00e1 facilitando informaci\u00f3n de car\u00e1cter personal de la que es responsable COMPLIANCE-CONSIGNO, S.L. Esa informaci\u00f3n puede incluir datos de car\u00e1cter personal como pueden ser la direcci\u00f3n IP, nombre y direcci\u00f3n de correo electr\u00f3nico. Al facilitar esta informaci\u00f3n, el usuario da su consentimiento para que su informaci\u00f3n sea recopilada, utilizada, gestionada y almacenada por<span>\u00a0<\/span><a href=\"http:\/\/www.edificacionescastello.com\/\">la<\/a><span>\u00a0<\/span>Web s\u00f3lo como se describe en el Aviso Legal y en la presente Pol\u00edtica de Privacidad.<\/p>\n<p>En consignocpl.es existe un formulario de contacto que trata la informaci\u00f3n facilitada por las personas interesadas con los siguientes fines:<\/p>\n<ul>\n<li>Resolver las consultas planteadas y atender las solicitudes de informaci\u00f3n sobre los servicios que se ofrecen.<\/li>\n<li>Enviar boletines electr\u00f3nicos o newsletter para mantener informados a los potenciales clientes de las \u00faltimas noticias y promociones de la empresa (fidelizar al cliente). El usuario podr\u00e1 darse de baja de dichas comunicaciones comerciales siguiendo las instrucciones de cancelaci\u00f3n de suscripci\u00f3n incluidas en \u00e9stas.<\/li>\n<\/ul>\n<p>Existen otras finalidades por la que se tratan datos personales:<\/p>\n<ul>\n<li><strong>Para garantizar el cumplimiento de las condiciones de uso y la ley aplicable<\/strong>. Esto puede incluir el desarrollo de herramientas y algoritmos que ayudan a esta web a garantizar la confidencialidad de los datos personales que recoge.<\/li>\n<li><strong>Para apoyar y mejorar los servicios que ofrece esta web<\/strong>.<\/li>\n<li>Tambi\u00e9n se recogen otros datos no identificativos que se obtienen mediante algunas<span>\u00a0<\/span><strong>cookies<\/strong><span>\u00a0<\/span>que se descargan en el ordenador del usuario cuando navega en esta web y que se detallan en la<span>\u00a0<\/span><strong>Pol\u00edtica de Cookies<\/strong>.<\/li>\n<\/ul>\n<p>COMPLIANCE-CONSIGNO, S.L., no vende, alquila ni cede datos de car\u00e1cter personal que puedan identificar al usuario, ni lo har\u00e1 en el futuro, a terceros sin el consentimiento previo. Sin embargo, se pueden realizar colaboraciones con otros profesionales; en esos casos, se informar\u00e1 a los usuarios sobre la identidad del colaborador y la finalidad de la colaboraci\u00f3n. Siempre se realizar\u00e1 con los m\u00e1s estrictos est\u00e1ndares de seguridad.<\/p>\n<p><strong>PLAZO DE CONSERVACI\u00d3N DE LOS DATOS<\/strong><\/p>\n<p>Los datos personales proporcionados se conservar\u00e1n mientras no se solicite su supresi\u00f3n por parte del usuario.<\/p>\n<p><strong>LEGITIMACI\u00d3N PARA EL TRATAMIENTO DE DATOS<\/strong><\/p>\n<p>La base legal para el tratamiento de los datos personales es\u00a0el<span>\u00a0<\/span><strong>consentimiento.<\/strong><\/p>\n<p>Para contactar con esta p\u00e1gina Web se requiere el consentimiento\u00a0de la Pol\u00edtica de Privacidad.\u00a0<\/p>\n<p>Las ofertas comerciales que se reciban de servicios est\u00e1n basadas en el consentimiento solicitado sin que, en ning\u00fan caso, la retirada de ese consentimiento condicione la relaci\u00f3n establecida.<\/p>\n<p><strong>CATEGOR\u00cdA DE DATOS<\/strong><\/p>\n<p>Las categor\u00edas de los datos que se tratan en esta Web son simplemente datos identificativos.<\/p>\n<p>No se tratan categor\u00edas de datos especialmente protegidos.<\/p>\n<p><strong>DESTINATARIOS A QUIENES SE COMUNICAR\u00c1N LOS DATOS<\/strong><\/p>\n<p>Muchas de las herramientas utilizadas para gestionar los datos son contratadas por terceros.\u00a0<\/p>\n<p>Para poder prestar servicios estrictamente necesarios para el desarrollo de la Web, se comparten datos con los siguientes prestadores bajo sus correspondientes condiciones de privacidad:<\/p>\n<ul>\n<li><strong>Google Analytics<\/strong>: un servicio anal\u00edtico de web prestado por Google, Inc., una compa\u00f1\u00eda de Delaware cuya oficina principal est\u00e1 en 1600 Amphitheatre Parkway, Mountain View (California), CA 94043, Estados Unidos (\u201cGoogle\u201d).<\/li>\n<\/ul>\n<p>Google Analytics utiliza \u201ccookies\u201d para ayudar a la Web a analizar el uso que hacen los usuarios de la p\u00e1gina Web. Las cookies utilizadas recopilan datos an\u00f3nimos sobre la navegaci\u00f3n de los usuarios por la web con la finalidad de conocer el origen de las visitas, el n\u00famero de veces que han visitado la web, las palabras claves utilizadas, y otros datos estad\u00edsticos. La informaci\u00f3n que genera la cookie acerca de su uso (incluyendo la direcci\u00f3n IP) ser\u00e1 directamente transmitida y archivada por Google en los servidores de Estados Unidos. M\u00e1s informaci\u00f3n en http:\/\/www.google.com\/analytics\/<\/p>\n<ul>\n<li><strong>Hosting<\/strong>:<\/li>\n<\/ul>\n<ul>\n<li><strong>Plataforma web<\/strong>:<span>\u00a0<\/span><em>Stratic<\/em>, con domicilio en Espa\u00f1a. Trata los datos con la finalidad de realizar sus servicios de plataforma web.<\/li>\n<\/ul>\n<p><strong>DERECHOS DE LOS USUARIOS<\/strong><\/p>\n<p>Cualquier persona tiene derecho a obtener confirmaci\u00f3n sobre si en edificacionescastello.com se est\u00e1n tratando datos personales que les conciernan, o no.<\/p>\n<p>Los interesados tienen derecho a retirar el consentimiento prestado en cualquier momento, sin que ello afecte a la licitud del tratamiento basado en el consentimiento previo a su retirada.<\/p>\n<p>Las personas interesadas tienen derecho a acceder a sus datos personales, as\u00ed como a solicitar la rectificaci\u00f3n de los datos inexactos o, en su caso, solicitar su supresi\u00f3n cuando, entre otros motivos, los datos ya no sean necesarios para los fines que fueron recogidos.<\/p>\n<p>En determinadas circunstancias, los interesados podr\u00e1n solicitar la limitaci\u00f3n del tratamiento de sus datos, en cuyo caso \u00fanicamente los conservaremos para el ejercicio o la defensa de reclamaciones.<\/p>\n<p>En determinadas circunstancias y por motivos relacionados con su situaci\u00f3n particular, los interesados podr\u00e1n oponerse al tratamiento de sus datos. En ese momento, se dejar\u00e1 de tratar los datos, salvo por motivos leg\u00edtimos imperiosos, o el ejercicio o la defensa de posibles reclamaciones.<\/p>\n<p>Los interesados tambi\u00e9n tendr\u00e1n derecho a ejercitar su derecho a la portabilidad. Este derecho consiste en recibir los datos personales que le incumban en un formato estructurado, de uso com\u00fan y lectura mec\u00e1nica. Al ejercer su derecho a la portabilidad, el interesado tendr\u00e1 derecho a que los datos personales se transmitan directamente de responsable a responsable cuando sea t\u00e9cnicamente posible.<\/p>\n<p>El ejercicio de estos derechos es personal y debe por tanto ser ejercido directamente por el interesado, solicit\u00e1ndolo directamente al responsable del tratamiento. Para ello debe dirigir correo electr\u00f3nico a la direcci\u00f3n arriba establecida, indicando en todos los casos su nombre y apellidos y adjuntando fotocopia de su DNI. Tambi\u00e9n puede dirigir carta escrita a nuestro domicilio informado anteriormente.<\/p>\n<p>En COMPLIANCE-CONSIGNO, S.L. existen unos formularios que facilitan el ejercicio de estos derechos. El usuario puede solicitarlos en cualquier momento en la misma direcci\u00f3n de correo electr\u00f3nico indicada anteriormente.<\/p>\n<p>Por \u00faltimo, los usuarios tambi\u00e9n tienen derecho a la tutela judicial efectiva y a presentar una reclamaci\u00f3n ante la autoridad de control, en este caso, la Agencia Espa\u00f1ola de Protecci\u00f3n de Datos, si consideran que el tratamiento de datos personales infringe el reglamento.<\/p>\n<p><strong>PRINCIPIOS UTILIZADOS EN EL TRATAMIENTO DE DATOS PERSONALES<\/strong><\/p>\n<p><strong>\u25ba<\/strong><strong><span>\u00a0<\/span>Principio de licitud, lealtad y transparencia<\/strong><\/p>\n<p>Los datos son recogidos de manera l\u00edcita, leal y transparente. Toda la informaci\u00f3n relativa al tratamiento de los datos es accesible y f\u00e1cil de entender. Los fines espec\u00edficos del tratamiento de los datos personales son expl\u00edcitos y leg\u00edtimos, y est\u00e1n determinados en el momento de su recogida.<\/p>\n<p><strong>\u25ba<\/strong><strong><span>\u00a0<\/span>Principio de limitaci\u00f3n de la finalidad<\/strong><\/p>\n<p>Los datos son recogidos con fines determinados. Esto significa que no van a ser utilizados posteriormente para una finalidad diferente.<\/p>\n<p><strong>\u25ba<\/strong><strong><span>\u00a0<\/span>Principio de minimizaci\u00f3n de datos<\/strong><\/p>\n<p>Los datos recogidos son los estrictamente necesarios en relaci\u00f3n con los fines para los que son tratados.<\/p>\n<p><strong>\u25ba<\/strong><strong><span>\u00a0<\/span>Principio de limitaci\u00f3n del plazo de conservaci\u00f3n<\/strong><\/p>\n<p>Los datos ser\u00e1n mantenidos durante no m\u00e1s tiempo del necesario para los fines del tratamiento.<\/p>\n<p><strong>\u25ba<\/strong><strong><span>\u00a0<\/span>Principio de integridad y confidencialidad<\/strong><\/p>\n<p>Los datos ser\u00e1n tratados de tal manera que se garantice una seguridad adecuada y su confidencialidad. Se han tomado todas las precauciones necesarias para evitar el acceso no autorizado o uso indebido de los datos de los usuarios por parte de terceros.<\/p>\n<p><strong>SECRETO Y SEGURIDAD DE LOS DATOS<\/strong><\/p>\n<p>La Web se compromete en el uso y tratamiento de los datos personales de los usuarios, a respetar su confidencialidad y a utilizarlos de acuerdo con la finalidad del mismo, as\u00ed como a dar cumplimiento a su obligaci\u00f3n de guardarlos y adaptar todas las medidas para evitar la alteraci\u00f3n, p\u00e9rdida, tratamiento o acceso no autorizado, de conformidad con lo establecido en la normativa vigente de protecci\u00f3n de datos.<\/p>\n<p>Esta web incluye un certificado SSL. Se trata de un protocolo de seguridad que hace que tus datos viajen de manera \u00edntegra y segura, es decir, la transmisi\u00f3n de los datos entre un servidor y usuario web, y en retroalimentaci\u00f3n, es totalmente cifrada o encriptada.<\/p>\n<p>Sin embargo, no puede garantizar la absoluta inexpugnabilidad de la red Internet y por tanto la violaci\u00f3n de los datos mediante accesos fraudulentos a ellos por parte de terceros.<\/p>\n<p>Con respecto a la confidencialidad del procesamiento, COMPLIANCE-CONSIGNO se asegurar\u00e1 de que cualquier persona que est\u00e9 autorizada para procesar los datos del cliente (incluido el personal, colaboradores y prestadores), estar\u00e1 bajo la obligaci\u00f3n apropiada de confidencialidad (ya sea un deber contractual o legal).<\/p>\n<p>Cuando se presente alg\u00fan incidente de seguridad que entra\u00f1e un alto riesgo para los derechos y libertades de las personas f\u00edsicas, se le notificar\u00e1 al usuario sin demoras indebidas y se le proporcionar\u00e1 informaci\u00f3n oportuna relacionada con el Incidente de Seguridad tal como se conozca o cuando el usuario lo solicite razonablemente.<\/p>\n<p><strong>EXACTITUD Y VERACIDAD DE LOS DATOS<\/strong><\/p>\n<p>El usuario es el \u00fanico responsable de la veracidad y correcci\u00f3n de los datos que remita a<span>\u00a0<\/span><a href=\"http:\/\/www.edificacionescastello.com\/\">la<\/a><span>\u00a0<\/span>Web, exonerando COMPLIANCE-CONSIGNO de cualquier responsabilidad al respecto.<\/p>\n<p>Los usuarios garantizan y responden, en cualquier caso, de la exactitud, vigencia y autenticidad de los datos personales facilitados, y se comprometen a mantenerlos debidamente actualizados. El usuario acepta proporcionar informaci\u00f3n completa y correcta en el formulario de contacto.<\/p>\n<p><strong>ACEPTACI\u00d3N Y CONSENTIMIENTO<\/strong><\/p>\n<p>El usuario declara haber sido informado de las condiciones sobre protecci\u00f3n de datos de car\u00e1cter personal, aceptando y consintiendo el tratamiento de los mismos por parte de COMPLIANCE-CONSIGNO, S.L. en la forma y para las finalidades indicadas en esta pol\u00edtica de privacidad.<\/p>\n<p><strong>REVOCABILIDAD<\/strong><\/p>\n<p>El consentimiento prestado, tanto para el tratamiento como para la cesi\u00f3n de los datos de los interesados, es revocable en cualquier momento comunic\u00e1ndolo a COMPLIANCE-CONSIGNO en los t\u00e9rminos establecidos en esta Pol\u00edtica para el ejercicio de los Derechos del usuario. Esta revocaci\u00f3n en ning\u00fan caso tendr\u00e1 car\u00e1cter retroactivo.<\/p>\n<p><strong>CAMBIOS EN LA POL\u00cdTICA DE PRIVACIDAD<\/strong><\/p>\n<p>COMPLIANCE-CONSIGNO se reserva el derecho a modificar la presente pol\u00edtica para adaptarla a novedades legislativas o jurisprudenciales, as\u00ed como a pr\u00e1cticas de la industria. En dichos supuestos, se anunciar\u00e1n en esta p\u00e1gina los cambios introducidos con razonable antelaci\u00f3n a su puesta en pr\u00e1ctica.<\/p>\n<p><strong>CORREOS COMERCIALES<\/strong><\/p>\n<p>De acuerdo con la LSSICE, esta Web no realiza pr\u00e1cticas de SPAM, por lo que no env\u00eda correos comerciales por v\u00eda electr\u00f3nica que no hayan sido previamente solicitados o autorizados por el usuario. En consecuencia, en el formulario de contacto de la web, el usuario tiene la posibilidad de dar su consentimiento expreso para recibir el bolet\u00edn, con independencia de la informaci\u00f3n comercial puntualmente solicitada.<\/p>\n<p>Conforme a lo dispuesto en la Ley 34\/2002 de Servicios de la Sociedad de la Informaci\u00f3n y de comercio electr\u00f3nico, esta Web se compromete a no enviar comunicaciones de car\u00e1cter comercial sin identificarlas debidamente.<\/p>\n<p>Documento revisado el 7 de marzo de 2019<\/p>\n<p>[\/et_pb_text][\/et_pb_column][\/et_pb_row][\/et_pb_section]<\/p>\n","protected":false},"excerpt":{"rendered":"<p>Pol\u00edtica de privacidad El presente documento tiene por objeto dar a conocer el modo en que se capturan, gestionan y almacenan los datos de car\u00e1cter personal recabados a trav\u00e9s de\u00a0http:\/\/consignocpl.es\/\u00a0(en adelante la Web), a fin de que los Usuarios determinen libre y voluntariamente si desean facilitar sus datos personales. Es preciso advertir que esta Pol\u00edtica [&hellip;]<\/p>\n","protected":false},"author":1,"featured_media":0,"parent":0,"menu_order":0,"comment_status":"closed","ping_status":"closed","template":"","meta":{"_et_pb_use_builder":"on","_et_pb_old_content":"<!-- wp:divi\/placeholder \/-->","_et_gb_content_width":"","_joinchat":[],"footnotes":""},"class_list":["post-24","page","type-page","status-publish","hentry"],"_links":{"self":[{"href":"https:\/\/nuevo.isoaldia-consigno.com\/index.php\/wp-json\/wp\/v2\/pages\/24","targetHints":{"allow":["GET"]}}],"collection":[{"href":"https:\/\/nuevo.isoaldia-consigno.com\/index.php\/wp-json\/wp\/v2\/pages"}],"about":[{"href":"https:\/\/nuevo.isoaldia-consigno.com\/index.php\/wp-json\/wp\/v2\/types\/page"}],"author":[{"embeddable":true,"href":"https:\/\/nuevo.isoaldia-consigno.com\/index.php\/wp-json\/wp\/v2\/users\/1"}],"replies":[{"embeddable":true,"href":"https:\/\/nuevo.isoaldia-consigno.com\/index.php\/wp-json\/wp\/v2\/comments?post=24"}],"version-history":[{"count":3,"href":"https:\/\/nuevo.isoaldia-consigno.com\/index.php\/wp-json\/wp\/v2\/pages\/24\/revisions"}],"predecessor-version":[{"id":185,"href":"https:\/\/nuevo.isoaldia-consigno.com\/index.php\/wp-json\/wp\/v2\/pages\/24\/revisions\/185"}],"wp:attachment":[{"href":"https:\/\/nuevo.isoaldia-consigno.com\/index.php\/wp-json\/wp\/v2\/media?parent=24"}],"curies":[{"name":"wp","href":"https:\/\/api.w.org\/{rel}","templated":true}]}}